mmon factor of 22 and 66?
22
What is the greatest common factor of 770 and 10?
10
Calculate the greatest common factor of 3009 and 354.
177
What is the greatest common factor of 12 and 60?
12
Calculate the greatest common factor of 18569 and 31.
31
Calculate the highest common factor of 4 and 540.
4
Calculate the highest common factor of 62 and 279.
31
Calculate the greatest common factor of 99 and 99.
99
Calculate the greatest common factor of 72 and 13752.
72
What is the greatest common factor of 342 and 76?
38
What is the highest common factor of 629 and 259?
37
What is the highest common factor of 63 and 18?
9
Calculate the greatest common divisor of 304 and 64.
16
Calculate the greatest common divisor of 2109 and 74.
37
What is the highest common factor of 36477 and 189?
189
Calculate the highest common divisor of 14893 and 477.
53
Calculate the greatest common divisor of 376 and 1786.
94
Calculate the greatest common divisor of 90 and 2880.
90
Calculate the greatest common divisor of 15 and 8685.
15
Calculate the highest common factor of 411 and 12604.
137
What is the greatest common divisor of 2 and 460?
2
Calculate the greatest common divisor of 150 and 6.
6
What is the highest common divisor of 556 and 28?
4
What is the greatest common divisor of 45954 and 138?
138
Calculate the greatest common divisor of 135278 and 11.
11
Calculate the greatest common factor of 2970 and 3696.
66
What is the greatest common factor of 32 and 352?
32
What is the highest common factor of 272 and 21454?
34
What is the greatest common factor of 2839 and 334?
167
What is the greatest common factor of 10060 and 60?
20
Calculate the greatest common factor of 1539 and 114.
57
What is the highest common factor of 55 and 22?
11
Calculate the greatest common divisor of 94 and 2162.
94
What is the highest common divisor of 220 and 55?
55
What is the highest common factor of 91 and 39?
13
Calculate the highest common factor of 3537 and 1048.
131
Calculate the highest common factor of 372 and 1612.
124
Calculate the highest common divisor of 1215 and 45.
45
What is the highest common factor of 92 and 2438?
46
Calculate the highest common divisor of 973 and 556.
139
Calculate the highest common factor of 91 and 884.
13
What is the highest common factor of 84 and 852?
12
Calculate the greatest common factor of 216 and 16.
8
What is the greatest common divisor of 7 and 679?
7
What is the highest common factor of 18 and 26766?
18
Calculate the highest common factor of 7482 and 344.
86
Calculate the highest common factor of 189 and 19467.
189
What is the highest common factor of 91 and 175?
7
What is the greatest common divisor of 114 and 24?
6
Calculate the greatest common divisor of 14 and 728.
14
Calculate the greatest common divisor of 65251 and 23.
23
Calculate the greatest common divisor of 4 and 82.
2
What is the greatest common factor of 11 and 1331?
11
Calculate the greatest common divisor of 98 and 21.
7
What is the highest common factor of 216 and 26676?
108
Calculate the greatest common factor of 309 and 3.
3
What is the highest common factor of 68 and 578?
34
Calculate the highest common factor of 1400 and 850.
50
Calculate the greatest common divisor of 840 and 290.
10
Calculate the highest common factor of 23 and 253.
23
What is the highest common factor of 32 and 2?
2
What is the greatest common factor of 29 and 2117?
29
What is the greatest common factor of 52 and 5837?
13
Calculate the greatest common factor of 8621 and 37.
37
What is the highest common factor of 45 and 495?
45
Calculate the highest common factor of 36828 and 62.
62
What is the greatest common factor of 655 and 7?
1
Calculate the highest common divisor of 2478 and 42.
42
Calculate the highest common factor of 160 and 140.
20
What is the greatest common divisor of 5239 and 31?
31
What is the greatest common factor of 52 and 1677?
13
Calculate the greatest common divisor of 9 and 1053.
9
What is the greatest common factor of 2945 and 57?
19
Calculate the greatest common factor of 6378 and 6.
6
Calculate the greatest common factor of 585 and 351.
117
What is the highest common factor of 27 and 657?
9
What is the highest common divisor of 840 and 75?
15
What is the highest common divisor of 323 and 170?
17
Calculate the highest common divisor of 339 and 75.
3
Calculate the highest common factor of 99960 and 21.
21
Calculate the highest common factor of 31 and 2263.
31
What is the greatest common factor of 374 and 33?
11
What is the greatest common divisor of 4840 and 264?
88
What is the highest common divisor of 37 and 7881?
37
What is the highest common divisor of 806 and 1178?
62
Calculate the highest common factor of 874 and 92.
46
Calculate the highest common divisor of 98 and 147.
49
Calculate the greatest common divisor of 75 and 120.
15
Calculate the greatest common divisor of 1121 and 472.
59
Calculate the highest common divisor of 31 and 1147.
31
What is the greatest common divisor of 4325 and 25?
25
Calculate the greatest common divisor of 9 and 10746.
9
What is the highest common factor of 123 and 8241?
123
Calculate the highest common divisor of 8 and 344.
8
Calculate the greatest common factor of 2915 and 1855.
265
Calculate the highest common factor of 415 and 15.
5
Calculate the highest common divisor of 5252 and 104.
52
Calculate the greatest common factor of 208 and 4624.
16
Calculate the highest common divisor of 7314 and 159.
159
Calculate the greatest common factor of 752 and 2538.
94
Calculate the greatest common divisor of 1512 and 119.
7
What is the highest common divisor of 271 and 1?
1
Calculate the highest common divisor of 56 and 49.
7
Calculate the greatest common factor of 1611 and 18.
9
What is the highest common factor of 27 and 1692?
9
What is the greatest common factor of 46 and 414?
46
Calculate the highest common divisor of 575 and 345.
115
Calculate the greatest common factor of 546 and 702.
78
Calculate the greatest common divisor of 462 and 84.
42
What is the greatest common divisor of 186 and 6758?
62
What is the highest common factor of 995 and 5?
5
Calculate the highest common factor of 372 and 2325.
93
What is the highest common divisor of 893 and 57?
19
Calculate the greatest common divisor of 5040 and 14.
14
What is the highest common divisor of 140 and 56?
28
What is the highest common factor of 665 and 4465?
95
What is the greatest common factor of 435 and 195?
15
Calculate the highest common factor of 51394 and 14.
14
What is the greatest common divisor of 3 and 81?
3
What is the greatest common divisor of 24858 and 36?
18
What is the greatest common divisor of 23 and 46?
23
Calculate the greatest common factor of 168 and 16.
8
What is the highest common factor of 231 and 154?
77
Calculate the highest common divisor of 40 and 2680.
40
What is the highest common divisor of 228 and 804?
12
What is the highest common factor of 16 and 29168?
16
What is the greatest common factor of 132 and 11?
11
What is the greatest common factor of 1521 and 338?
169
Calculate the highest common factor of 41 and 574.
41
Calculate the greatest common factor of 122 and 23119.
61
Calculate the greatest common divisor of 56 and 126.
14
What is the greatest common factor of 106 and 6678?
106
Calculate the greatest common factor of 15534 and 18.
18
What is the greatest common factor of 231 and 2877?
21
What is the highest common divisor of 256 and 6464?
64
Calculate the highest common divisor of 117 and 195.
39
What is the highest common factor of 1633 and 621?
23
Calculate the greatest common divisor of 1560 and 8775.
195
What is the greatest common divisor of 80 and 60?
20
What is the greatest common factor of 164 and 369?
41
Calculate the greatest common factor of 32 and 22.
2
What is the highest common divisor of 1220 and 100?
20
What is the greatest common divisor of 203 and 126?
7
Calculate the highest common factor of 372 and 348.
12
What is the greatest common factor of 1222 and 104?
26
What is the greatest common factor of 14 and 266?
14
What is the greatest common divisor of 19072 and 16?
16
Calculate the greatest common divisor of 520 and 160.
40
What is the greatest common factor of 18 and 42?
6
Calculate the highest common factor of 45 and 35.
5
What i